 is the units digit of d?
7
Let c be (-156)/(-8)*4/3. Let v = c - 7. What is the tens digit of v?
1
Let n(o) = -o**2 + 7*o + 9. Let q be n(8). Suppose 0 = -2*a + 1 + q. Suppose l - 9 + a = k, 18 = 3*l - k. What is the units digit of l?
5
Suppose 5*i - 3*z - 2540 + 909 = 0, -671 = -2*i - 5*z. What is the hundreds digit of i?
3
Let u be 4/((-16)/3)*4. Let y(s) = s**2 - s - 3. Let k be y(u). Let o = -1 + k. What is the units digit of o?
8
Suppose -3 = 2*l + 4*v + 3, 2*l - 29 = 3*v. Suppose 4*x - l*x + 42 = 0. What is the tens digit of x?
1
Let y be (-2)/(-5) + (-34)/10. Let f be 8/(-28) + 88/14. Let j = y + f. What is the units digit of j?
3
Suppose 0 = -5*m + 64 + 1. What is the tens digit of m?
1
Suppose 0 = -0*c + 2*c - 4*m - 2, 2*c - 2*m = 8. Let b(f) = f**2 + 2*f. Let x be b(-1). Let l = c - x. What is the units digit of l?
8
Suppose 4*m - 40 = -0*p + 3*p, 39 = 5*m - p. What is the units digit of m?
7
Suppose 500 = 6*t - 520. What is the tens digit of t?
7
Let b(r) = 35*r + 2. What is the units digit of b(2)?
2
Let f(u) = -1 + 4*u**2 + u**3 + 4 + 1. Let w be f(-4). Suppose -2*c - w = -6*c. What is the units digit of c?
1
Let q be (-7)/(-28) + 19/4. What is the units digit of q/15 + (-62)/(-3)?
1
Let y(o) = 68*o**2 + 4*o + 1. What is the tens digit of y(-1)?
6
Suppose 4*p = -3*u, -4 = -2*u - p + 1. Suppose 0 = -u*z + z + 15. Suppose -z*o - 2*s + 29 = -5*s, 0 = -2*o + 3*s + 8. What is the units digit of o?
7
Suppose -j = 12 - 16. What is the units digit of j?
4
Let i(u) = 5*u**2 - 4*u + 2. Let x be i(3). What is the units digit of 10/x + 220/14?
6
Let h = 5 - 13. Let b be h*-1*(-5)/(-2). Suppose s + 3*s = b. What is the units digit of s?
5
Let n(t) = -3*t - 7. Suppose -a + 3*a + 12 = 0. What is the units digit of n(a)?
1
What is the tens digit of (-30 - -2)/(-2 + 0)?
1
Let q(a) = -a**2 + 5*a + 5. Let l be q(6). Let w(d) = -3*d - 1. What is the units digit of w(l)?
2
Suppose 87 = 5*q - 3*b - 95, -2*q = -2*b - 72. Suppose 0 = 5*v - q - 23. What is the tens digit of v?
1
Let s be (20/(-6))/((-16)/24). What is the tens digit of (14/s)/(2/10)?
1
Let v be 1*-5 + -1 + -1. What is the units digit of (2 + 0 + v)*-1?
5
Suppose 5*j - 64 - 31 = 0. Let n = j + -9. What is the units digit of n?
0
Suppose f = -4*f + 10. Suppose 27 = 5*q - f*q. Suppose 4 = m - 5*p, 4*p - 11 - q = -5*m. What is the units digit of m?
4
Let t(m) = 3*m**2 + 4*m + 3. Let z be t(-2). Suppose -4*p = -z*q + 3*q + 32, -5*q = -15. What is the units digit of (5/p)/((-2)/4)?
2
Let c = 488 + -337. What is the hundreds digit of c?
1
Let f = 8 + 7. What is the tens digit of f?
1
Let l be -3 + (3 - 0) - 15. Let f = l - -20. What is the units digit of f?
5
Let o(n) = -n**3 - 4*n**2 - 3*n - 1. Let c be o(-5). Suppose v = -2*v + c. What is the units digit of v?
3
Let n(p) = p**3 + 6*p**2 - 7*p + 2. Let a be n(-7). Let u be -4*1/(4 - a). What is the units digit of -21*u*1/6?
7
Let b(y) be the second derivative of -y + 0 + 3*y**2 + 1/2*y**4 + 1/20*y**5 + y**3. What is the units digit of b(-4)?
4
What is the units digit of ((-558)/15)/(4/(-10))?
3
Let f(t) = -t**3 - 9*t**2 + 10*t + 15. Suppose -3*q = 4*r + 1 + 24, 0 = -r + 4*q - 30. What is the tens digit of f(r)?
1
Suppose -3*u + 4*g = -419, -g = 4*u - 195 - 351. What is the hundreds digit of u?
1
Let b be 3 - (0/1 + 4). Let w be 2 + (-3 - (b - -1)). What is the tens digit of 3*(w - (-57)/9)?
1
Let t(h) = h**2 + 4*h - 1. Let k be t(-5). Let j = 74 - 74. Suppose -k*q + j*q = -20. What is the units digit of q?
5
What is the units digit of (14/21)/(1/21)?
4
Let d = 18 - -18. What is the units digit of d?
6
Suppose 0 = -2*w - 8, -r - 3*r + 4*w + 16 = 0. What is the tens digit of 22 + r + (2 - -1)?
2
Let u(h) = -3*h - 2. Let v(p) = -p**2 + 2*p. Let a be v(3). Let m be u(a). Suppose 4 = -j + m. What is the units digit of j?
3
Suppose -4*f - 306 = -1130. Suppose 5*a = 4*x + f, -x - 53 = 5*a - 239. What is the tens digit of a?
3
Suppose -q - 4*q - 5 = -3*z, -2*q = 3*z + 2. Let p be (11 + q)/(2/2). Suppose 0*v = v - p. What is the tens digit of v?
1
Let h(b) = -2*b - 6. What is the tens digit of h(-14)?
2
Suppose 4*l - 116 = -5*c, -c + 16 + 12 = 2*l. Suppose -c = -4*n + 2*n. What is the units digit of n?
0
What is the tens digit of (88/(-5))/(16/(-40))?
4
Suppose 3 = -a + 2*a. Suppose -a*d + 0*d + 21 = 0. What is the units digit of d?
7
Let u be ((-4)/(-10))/(7/105). Let f = u + -4. What is the units digit of f?
2
Let j(c) = 2*c**2 + 6*c + 6. Let n(s) be the first derivative of -s**3 - 3*s**2 - 6*s + 1. Let r(b) = -5*j(b) - 4*n(b). What is the units digit of r(5)?
4
Suppose -3*c + 9 = 0, -9*i = -5*i - 3*c - 319. What is the units digit of i?
2
Let m = -6 + -22. Let d = 40 + m. What is the units digit of d?
2
Let v(s) = s - 1. Let d be v(5). Suppose d*p - 30 - 2 = 0. Let b(h) = h**3 - 7*h**2 - 8*h + 8. What is the units digit of b(p)?
8
Let g = -31 - -63. What is the tens digit of g?
3
Let l(d) = 3*d**2 + d + 7. Let s be l(-3). Suppose x - s = 1. What is the tens digit of x?
3
Suppose 0 = 5*m + 6*j - 3*j - 742, -m - 3*j + 146 = 0. What is the hundreds digit of m?
1
Let h(z) = z + 6. Let f be h(-5). What is the units digit of -1*(0 + f)*-7?
7
Let c(u) = u**2 + 7*u - 2. Let a be c(-7). Let z = 7 + a. Suppose -2*d = -5*m + 11, z*d = 3*m + 10 - 28. What is the units digit of m?
1
Let x(q) = 3*q + 3. Let o(f) = f + 1. Let n(t) = -5*o(t) + 2*x(t). What is the units digit of n(4)?
5
Suppose 5*p = 4*z - 220, 4*z + p - 262 = -42. What is the units digit of z?
5
Let h(q) = -11*q**3 + 4*q**2 + 14*q - 1. What is the units digit of h(-3)?
0
Let t be 2 - (-5)/(15/(-6)). Let v(x) = 6*x - 5 + t*x**2 - 4*x + x**2. What is the tens digit of v(-5)?
1
Let t(z) = z - 2. Let h be t(-8). Let l(k) = k**2 + 8*k + 8. What is the units digit of l(h)?
8
Let h(k) = -k**3 - 6*k**2 + 7*k - 1. Let r be h(-7). What is the units digit of (4 + r)/((-15)/(-10))?
2
Suppose y = -9 + 15. What is the units digit of y?
6
Let i(o) = -o**2 + 5*o - 4. Let t be i(4). Suppose 4 = -b - 3*s - 10, 2*b + 2*s + 8 = t. What is the units digit of b?
1
Suppose 0 = -2*q - 2*q + 20. Suppose 0 = g + q*w + 23, -3*g - 5*w + 8 = 27. Let o = 5 + g. What is the units digit of o?
7
Suppose 3*s = -4 - 2. Let z = s + 8. What is the units digit of z?
6
Let t be (-13)/(-4) - (-2)/(-8). Suppose i - 5*p = 25, -2*p + 4*p = t*i - 10. Suppose i = -2*h - n + 2, -h + 2 - 1 = -3*n. What is the units digit of h?
1
Let g(k) = -3*k - 9. Let i be g(-6). Let f = i - 7. What is the units digit of f?
2
Let j be 2/(-5) + (-12)/(-30). Suppose p + 0*p - 27 = j. Suppose -2*v - v = -p. What is the units digit of v?
9
Let d = -17 - -19. What is the units digit of d?
2
What is the units digit of 36/15*(-105)/(-6)?
2
Suppose 3*g = -g + 12. Let h = 5 - g. What is the units digit of h?
2
Suppose 50 = s - 2*a, 163 = 4*s + 4*a - 13. What is the units digit of s?
6
Suppose -p - 7 + 301 = 0. What is the hundreds digit of p?
2
Let v be 40/6*(-9)/(-2). Let n be (-4)/(-6) + v/9. What is the units digit of 8/n*2/2?
2
Suppose 0 = -0*n + 2*n - 8. Suppose -n = 3*r - 5*r, 3*r + 35 = k. What is the units digit of k?
1
Let p(j) = -3*j + 3. What is the units digit of p(-2)?
9
What is the units digit of 58*(-3 + (-21)/(-6))?
9
Suppose p + 98 = 5*q - 376, -q + 100 = 5*p. What is the units digit of q?
5
Suppose 2*y = -0*c + 2*c - 364, -3*y = 4*c - 735. What is the hundreds digit of c?
1
Let x = 279 + -120. What is the tens digit of x?
5
Let r be -1 - -2 - (14 - 1). Let z = r - -26. What is the tens digit of z?
1
Suppose 0 = -3*z - 12, -3*p = -7*p + 2*z - 8. What is the units digit of (p/6)/(12/(-126))?
7
Let l = 19 + -16. Suppose l*f - 130 = -7. What is the units digit of f?
1
Let q = 7 + -2. What is the units digit of 127/q - (-6)/(-15)?
5
Let w(r) = -r**2 + 5*r + 5. Suppose 0 = 5*z + 2 + 8. Let c = 3 - z. What is the units digit of w(c)?
5
Let q(a) = -a**3 - 5*a**2 + 6. Let x be q(-5). What is the units digit of 84/15 - x/(-15)?
6
Suppose -2*w = -52 - 20. What is the tens digit of w?
3
Suppose 4*j - 2*j - 168 = 0. What is the units digit of j?
4
Suppose -4*r + 2*f + 38 = 4*f, 2*r + 2*f - 22 = 0. What is the units digit of r?
8
Suppose 0 = 4*n - 5*n + 5. Suppose -4*a + 3*a + 15 = 0. Let k = a + n. What is the tens digit of k?
2
Suppose -96 = -2*b + 6*b. What